101022210110001
45220 (base 9) to base 16
7575
What is 4564913 (base 11) in base 3?
120000201102100
What is 100597 (base 12) in base 5?
30442132
Convert -3631617 (base 8) to base 5.
-223334424
Convert 20002200202 (base 3) to base 15.
25892
Convert 102012110121202 (base 3) to base 2.
10110101101011110111010
What is -1010101010000100001000 (base 2) in base 8?
-12520410
32233 (base 11) to base 6
1000543
What is -3904336 (base 11) in base 2?
-11001110100110011001100
Convert -3737353 (base 8) to base 11.
-645325
What is 2136b8 (base 13) in base 6?
24410011
What is 3423413 (base 8) in base 5?
214134444
141220 (base 9) to base 11
59846
52019 (base 10) to base 6
1040455
-5db99 (base 16) to base 11
-242478
4154002 (base 7) to base 15
9d5a7
What is -34463 (base 7) in base 9?
-13075
Convert -2288325 (base 10) to base 5.
-1041211300
145c5d (base 14) to base 9
1287630
3fce12 (base 16) to base 8
17747022
11111011111011000000 (base 2) to base 9
1842414
-430434413 (base 5) to base 15
-25bca8
What is 110434312 (base 7) in base 2?
11001011011000001101111
-112000340 (base 5) to base 16
-7a17f
Convert -4543224 (base 9) to base 6.
-124300504
Convert -61433 (base 11) to base 12.
-43aa9
-4344155 (base 6) to base 7
-1556642
-20276610 (base 9) to base 16
-948ab0
What is -1278a (base 16) in base 9?
-124704
What is -574840 (base 10) in base 3?
-1002012112101
1157181 (base 11) to base 12
812354
-2119523 (base 10) to base 7
-24005240
Convert 1201122000001 (base 3) to base 4.
3200010310
What is d02a31 (base 16) in base 4?
310002220301
-146536 (base 7) to base 15
-87b1
-4599016 (base 11) to base 4
-132221233000
-214143341 (base 5) to base 3
-1202010221022
What is 1102640 (base 7) in base 2?
100001000100101000
-47327567 (base 8) to base 12
-3564447
1001110001111000 (base 2) to base 15
bd06
4b9641 (base 12) to base 11
777602
Convert -435824 (base 15) to base 14.
-5d71ac
-5eed1b (base 15) to base 10
-4555826
Convert -610462 (base 13) to base 6.
-120213231
Convert 355104 (base 6) to base 5.
1442203
Convert 24044254 (base 6) to base 9.
1366387
Convert 111011111011 (base 2) to base 3.
12021001
What is ca7ab6 (base 13) in base 5?
2204231334
665120 (base 11) to base 6
34423450
Convert 342430 (base 9) to base 16.
32190
What is 34791 (base 11) in base 10?
50194
Convert 302b12 (base 12) to base 2.
10110111011110111110
10321202233 (base 4) to base 6
43305411
473bc (base 15) to base 7
1633512
What is 1660421 (base 7) in base 16?
38e94
-17717200 (base 8) to base 5
-2031404334
Convert -46552 (base 15) to base 5.
-24131302
Convert -66694 (base 12) to base 6.
-2524304
Convert 475053 (base 10) to base 6.
14103153
Convert 77078 (base 11) to base 7.
644131
Convert 3b400 (base 13) to base 2.
11010111110111110
Convert 4113140 (base 6) to base 3.
100222102020
-1033701 (base 8) to base 9
-461150
What is -155654404 (base 7) in base 9?
-21823121
What is -e0cee (base 16) in base 11?
-579904
Convert -4213101 (base 5) to base 9.
-115638
What is -112022011012111 (base 3) in base 12?
-266667a
What is 1100000010011000001 (base 2) in base 11?
24a386
-320250132 (base 6) to base 9
-11516262
What is -2f685 (base 16) in base 4?
-233122011
What is -2172aa (base 15) in base 2?
-110000101000100001010
Convert -300 (base 10) to base 16.
-12c
Convert 10111022212 (base 3) to base 13.
253b8
What is -1100010000110010000 (base 2) in base 10?
-401808
3402323 (base 6) to base 2
101001111001101011
What is -21121102202 (base 3) in base 15?
-2e592
2221122020201 (base 3) to base 2
101111110101100101011
-17758c (base 13) to base 4
-2033130220
Convert a81a5 (base 13) to base 10.
303490
What is 3165264 (base 8) in base 14?
1806d6
Convert 327018 (base 9) to base 12.
950a5
133996 (base 13) to base 3
212122011001
What is -30010213313 (base 4) in base 5?
-1302232123
-1033023032 (base 4) to base 8
-1171316
Convert 3600066 (base 7) to base 6.
13421033
Convert -2481020 (base 13) to base 10.
-11369501
Convert -1021002001 (base 3) to base 14.
-90a5
3002144111 (base 5) to base 6
330215525
Convert -2983762 (base 11) to base 4.
-103200223321
What is 2560210 (base 10) in base 16?
2710d2
What is -13135662 (base 7) in base 11?
-751550
Convert 10020211121 (base 3) to base 13.
231b8
Convert 1a33593 (base 11) to base 8.
15054446
Convert -232310310 (base 4) to base 11.
-121110
What is -41003310 (base 5) in base 6?
-11013112
220202110122 (base 3) to base 7
4066511
-10100011101100000010111 (base 2) to base 14
-9d89dd
40b84 (base 12) to base 3
11022002101
Convert -a7d3a (base 14) to base 15.
-80448
2333995 (base 10) to base 12
946837
Convert 120351251 (base 7) to base 12.
2605832
32322302 (base 5) to base 12
114081
Convert -65062 (base 15) to base 9.
-537842
-4da4 (base 14) to base 11
-a2a6
Convert -10440100 (base 5) to base 9.
-151700
Convert -1224450 (base 6) to base 9.
-110273
23b1ab (base 12) to base 13
1737c5
548a430 (base 11) to base 2
100100101111110011000100
-183997 (base 10) to base 16
-2cebd
-c0dede (base 16) to base 10
-12639966
Convert 804048 (base 9) to base 12.
1ab108
11032123321 (base 4) to base 10
1369849
1010101010100001011110 (base 2) to base 7
32522323
Convert 10011011110110011 (base 2) to base 3.
11001110101
What is 111011101111111 (base 2) in base 7?
155121
What is -3051028 (base 9) in base 10?
-1627883
What is -727137 (base 10) in base 15?
-e56ac
-1300113042 (base 5) to base 13
-857388
Convert 2431133121 (base 5) to base 3.
101202211001222
243023132 (base 6) to base 11
2677837
What is 249a (base 13) in base 15?
1817
268a2 (base 15) to base 16
1e23c
What is 220121033 (base 4) in base 11?
103344
Convert -10621766 (base 8) to base 6.
-121205514
What is 3095952 (base 13) in base 8?
70210541
Convert -9ac1a9 (base 15) to base 14.
-da20a9
12233004 (base 5) to base 15
24dd9
-497d57 (base 16) to base 8
-22276527
13021 (base 15) to base 6
1145221
What is -420056 (base 13) in base 15?
-206ee5
What is c138c2 (base 14) in base 16?
633782
Convert -2cd622 (base 16) to base 11.
-1727735
What is -32524445 (base 7) in base 3?
-12021001220002
3a447b (base 12) to base 7
11113013
What is -230145343 (base 6) in base 15?
-583560
-989692 (base 14) to base 6
-302520304
What is -122220100100 (base 3) in base 15?
-6e609
What is 21110131013 (base 4) in base 13?
677012
Convert -2a891a (base 11) to base 3.
-220101210210
-13312321301 (base 4) to base 10
-2059889
-110220202212 (base 4) to base 10
-5408934
What is -21a2b5 (base 16) in base 6?
-115125141
102102221221 (base 3) to base 4
312333100
What is 215a6ab (base 12) in base 14?
bb16dd
Convert -6c5 (base 14) to base 12.
-945
-438670 (base 13) to base 3
-2222202102201
Convert -11001313303 (base 4) to base 6.
-44131351
Convert -16311601 (base 8) to base 5.
-1431221223
Convert 20120314 (base 7) to base 6.
55434101
What is 3845a (base 14) in base 11?
94803
361329 (base 10) to base 9
610576
What is 37480 (base 12) in base 16?
124e0
What is -699a0 (base 12) in base 4?
-202201020
What is 75010 (base 8) in base 16?
7a08
10102212121 (base 3) to base 10
67705
-266551 (base 8) to base 5
-10443140
What is -217023 (base 8) in base 16?
-11e13
Convert -101102441 (base 5) to base 11.
-25a937
20002111112 (base 3) to base 12
59495
What is 39cb89 (base 13) in base 15?
1c98e4
What is -12332440 (base 5) in base 16?
-1d8a3
What is -11000101101100111 (base 2) in base 3?
-12010212000
Convert -45cd8 (base 16) to base 10.
-285912
Convert -1533302 (base 6) to base 11.
-61834
Convert 212021330 (base 4) to base 8.
461174
What is -78b28 (base 12) in base 2?
-100111001101010000
76033 (base 9) to base 4
30102123
What is 22240133 (base 5) in base 16?
2fec5
11022221102 (base 3) to base 8
246402
-1886844 (base 9) to base 13
-2b214b
Convert -110111001111111110 (base 2) to base 4.
-313033332
Convert 58935 (base 10) to base 12.
2a133
-2aa8911 (base 11) to base 6
-305503343
What is 1a08cd (base 15) in base 9?
2341754
Convert 101111000100011 (base 2) to base 11.
17119
Convert -51050 (base 11) to base 7.
-430316
Convert -322351240 (base 6) to base 12.
-1abb520
What is -248401 (base 10) in base 3?
-110121202001
Convert 56710 (base 11) to base 9.
134485
-21302302 (base 5) to base 13
-64856
Convert 56146 (base 13) to base 6.
3203114
-17593a4 (base 12) to base 3
-100010021122121
What is 20022211000 (base 3) in base 10?
124524
Convert 305ba4 (base 